8*n - 390. Give m(16).
4
Let n(y) be the third derivative of y**5/10 - y**4/24 - 9*y**2. Determine n(-1).
7
Let w(l) = -13*l - 81. Let t be w(-6). Let s(i) = i**3 + 2*i**2 - i + 3. Give s(t).
-3
Let m(z) be the third derivative of -z**4/24 - 5*z**3/6 + 3*z**2. Suppose -4*c = -5*c - h - 8, -2*c + 5*h = -12. Determine m(c).
-1
Let b be (-14)/(-3) + 1 + 11/33. Let t(c) = -c**3 + 8*c**2 - 11*c - 8. Let d be t(b). Let m(k) = -2*k**3 - 2*k**2 + 2*k + 3. Calculate m(d).
7
Let l(d) be the third derivative of -7/3*d**3 + 0*d - 51*d**2 + 1/2*d**4 + 0 - 1/60*d**5. Calculate l(10).
6
Let b = -69 - -80. Let l = -8 + b. Let p(m) = -5*m**3 + 5*m**2 - 5*m. Let d(s) = -11*s**3 + 10*s**2 - 10*s - 1. Let a(o) = 4*d(o) - 9*p(o). What is a(l)?
-7
Let s be ((-3)/(-2) - -2)*-2. Let j(o) = 11 + 1 - 2 + 2*o - 5. Calculate j(s).
-9
Let q(i) = -i - 13. Let k = 1252 + -1273. Give q(k).
8
Suppose 5*t - 20 = 5*k + 5, t + 25 = -5*k. Let r(s) be the second derivative of s**5/20 + s**4/3 - s**3 + 3*s**2/2 - s. Calculate r(k).
8
Let x be 1/(2 - (1 - 16/(-20))). Let s(b) = 13*b**3 + 6*b**2 - 2*b + 5. Let n(d) = -12*d**3 - 5*d**2 + 2*d - 4. Let c(i) = x*s(i) + 6*n(i). Calculate c(-1).
6
Let y(j) = -j. Let l(z) = -7. Let p(g) = 11. Let h(u) = -8*l(u) - 5*p(u). Let v(r) = -4*h(r) - y(r). Give v(2).
-2
Suppose 5 - 9 = -g. Suppose -g*h - v + 3 = 0, v = -h + 4*v + 4. Let k(y) = -12*y**2 - y. Give k(h).
-13
Let m(s) be the third derivative of -s**4/6 + s**3/6 - 40*s**2. Give m(1).
-3
Suppose 0 = -4*c + 3*c. Suppose c = 2*k - 0*k + 6. Let t(i) = i**2 - 4. Determine t(k).
5
Suppose 0 = 66*c - 72*c - 30. Let s(w) = w**3 + 6*w**2 + 4*w - 5. Determine s(c).
0
Let x(a) = a**2 - a + 1. Let q(i) = 6*i**2 + 7*i - 12. Let p(d) = q(d) - 5*x(d). Let t be p(-13). Let f(u) = -5*u**2 - 4 - u**3 + 4 - 3*u + 4. Determine f(t).
0
Let o(s) = -11*s + 8. Let n(y) = 24*y - 13. Let g(h) = -3*n(h) - 5*o(h). Calculate g(2).
-35
Let r(m) = m**2 - 4*m - 5. Let c be r(5). Let b(v) be the third derivative of v**6/120 + v**5/60 + v**3/3 + 77*v**2 - 4*v. Give b(c).
2
Let k(d) = -14*d + 68. Let l(u) = 20*u - 66. Let x(g) = -3*k(g) - 2*l(g). What is x(35)?
-2
Let f(b) = b**3 + 6*b**2 + 7*b + 7. Let a be f(-5). Suppose 0 = -x - 6*x + 14. Let j(s) = 10*s**2 - 9*s**x + s + 0*s + 0*s**2. Give j(a).
6
Let w(m) be the third derivative of m**6/120 - m**5/12 - 7*m**4/24 + 2*m**3/3 + 31*m**2. Calculate w(6).
-2
Let y(j) = 2*j**2 + j - 1. Let h(k) = k**3 + 46*k**2 - 147*k - 2. Let q be h(-49). Determine y(q).
5
Let c(h) = 3*h - 1. Let s be c(1). Let v(a) = 105*a - 49*a - 5*a**s - 5 - 58*a - a**3. Give v(-4).
-13
Suppose 0 = 7*a - 10*a + 18. Suppose 7*n - a = 9*n. Let j(c) = -10*c - 13. Let h(g) = -3*g - 4. Let y(k) = -7*h(k) + 2*j(k). Give y(n).
-1
Suppose 4*c - q = -4, -5*q = 4*c - c - 20. Let y(n) = -27 + 33 - 7*n + 8*n. What is y(c)?
6
Let o(b) = 2*b**2 - 25*b + 11. Let i be o(13). Let s(a) = 0 - i*a - 1 + 26*a. Determine s(4).
7
Let l(c) = -3447 + c**2 + 6*c - 2*c**2 + 3452. What is l(8)?
-11
Let x(c) = -c - 1. Suppose -5*r - 21 = 5*j - 1, 4*j + 10 = 2*r. Determine x(r).
0
Let s(l) = 64*l**3 - l**2 + 5*l**2 + 3 - 1 - 2*l - 63*l**3. Give s(-4).
10
Let i(s) = -s**3 - s. Let q be i(0). Let b be ((-68)/(-51))/(2/45). Let a(h) = 30*h - b*h - h**3 + 0*h**3 - 6. Determine a(q).
-6
Let r(z) be the third derivative of z**6/120 + 2*z**5/15 - z**4/8 - z**3/2 + z**2 + 29*z. What is r(-8)?
21
Let r(o) be the second derivative of o**6/120 + o**5/15 - 5*o**4/24 - o**3 - 5*o**2 + 21*o. Let d(k) be the first derivative of r(k). Give d(-5).
-6
Let q(l) = -2*l - 39. Let i be q(-23). Let s(c) = -3 + i*c**2 - 4*c**2 + 3*c**2 + c**3 - 1. What is s(-6)?
-4
Let u(t) = 12*t**2 - 2*t - 1. Let c = 26 + -23. Suppose p + 14 = -3*p + 5*i, -c*p + 5 = 4*i. Determine u(p).
13
Let p(v) = 10*v**2 - 22*v + 14. Let m(w) = 3*w**2 - 7*w + 5. Let h(k) = -7*m(k) + 2*p(k). What is h(7)?
-21
Let r(s) = s**2 - 6*s + 2. Let h(k) = -k**3 - 4*k**2 + 3*k - 6. Let l be h(-5). Suppose 0 = -l*g + 2 + 10. Suppose g*v - 25 = -2*v. Give r(v).
-3
Let j(t) = -9*t**3 + 1. Let z(p) be the first derivative of -9*p - 12 - 9/2*p**2 - 1/3*p**3. Let b be z(-8). What is j(b)?
10
Let q(m) = -m**2 + m + 1. Suppose 0 = -3*h + 5*h - 4. Suppose h*k = -5*b - 1 - 5, -3*k - 3*b = 0. What is q(k)?
-1
Let h(r) = -8*r + 19. Let q(y) = -4*y + 35. Let o(p) = p - 12. Let g(t) = 8*o(t) + 3*q(t). Let w(v) = -5*g(v) + 2*h(v). Give w(5).
13
Let s(a) be the third derivative of -1/15*a**5 - 5/24*a**4 + 0 + 0*a - 1/2*a**3 + 20*a**2 + 1/120*a**6. Let p = 18 + -13. Determine s(p).
-3
Let a = 814 + -817. Let s(f) = f - 4. Let p be s(4). Let v(j) = j**2 + p*j + 2*j - j. Calculate v(a).
6
Let c(v) = -832*v - 16 - 839*v + 1683*v + v**2. Calculate c(-13).
-3
Let q(c) = 29*c - 75*c + 25*c + 23*c - 31. Calculate q(11).
-9
Let q(y) = 3*y - 1. Let b be ((-14)/(-28))/((-1)/(-2) - 1). Let v(h) = h. Let z(g) = b*q(g) + 4*v(g). Give z(1).
2
Let r = 0 + 0. Let d(k) = 7 + 18*k + 13*k - 34*k. Let o(h) = -5*h + 14. Let b(s) = 7*d(s) - 4*o(s). Determine b(r).
-7
Let b(r) = 8*r + 7. Let w(o) = -6*o - 5. Let s(k) = 5*b(k) + 7*w(k). What is s(5)?
-10
Let m(f) = 3*f**3 + 4*f**2 + 3. Let o(p) = p**2 - 6*p - 30. Let u be o(-3). What is m(u)?
-42
Let l be ((-1)/(1/(-24)))/2. Suppose 4*s = 2*s + l. Let u(x) be the second derivative of x**3/6 - x. Give u(s).
6
Let g = 49 - 49. Let o(i) be the first derivative of -i**4/4 - i**3/3 - i**2/2 + 8*i - 6. What is o(g)?
8
Suppose -5*h = -20, 0 = -4*j + 3*h - 6*h. Let g = -4 + 7. Let t(f) = 3 - g - f - 1 - 2. Give t(j).
0
Let r = -100 + 96. Let s(c) = 4*c + 2. Determine s(r).
-14
Suppose 328 = 3*a + 304. Let p(x) = -2*x + 16. Determine p(a).
0
Let m(j) = 5*j - 13 - 14 - 4*j + 11. Let b(h) = 2*h**2 + 4*h + 4. Let a be b(-3). Determine m(a).
-6
Let j be 2/(-5) - 88/(-20). Let p(z) = -j - z - 1 + 2 - 5. Calculate p(0).
-8
Let x(l) = 64*l + 1094. Let m be x(-17). Let k(d) = 1 + d**2 + 0*d**2 + 2 - 8*d. Calculate k(m).
-9
Let p(s) = 3*s - 16. Suppose 2054*a - 2050*a = -32. Calculate p(a).
-40
Suppose -2*x + 4*x + 14 = 3*r, -4 = -r + x. Suppose -r*l + 5*l + 5 = 0. Let d(u) = -l*u + 4*u + 0 - 2*u - u**2 + 1. What is d(-4)?
-3
Let v(c) be the first derivative of -c**4/4 + 4*c**3/3 + 3*c**2/2 + 2*c + 1. Suppose -30 = 2*g - 12*g. Give v(g).
20
Let w(q) = -7*q**3 + 4*q + 8*q**2 - q + 6*q**3 - 10. Let f be (3 - 1)/(-7 + 58/8). Give w(f).
14
Suppose 93*u = 90*u + 9. Let k be -2 - (14/(-2) + 0). Let g(m) = 7*m**2 + 5*m + 11. Let h(o) = 4*o**2 + 3*o + 6. Let s(l) = k*h(l) - 3*g(l). Calculate s(u).
-12
Let r(m) = -m**3 + 8*m**2 + 2*m - 11. Let b be r(8). Suppose -b*i + 6 = -3*i. Suppose 2*h = i*h - 5. Let a(c) = -c**2 + 5*c - 6. Give a(h).
-6
Let b(t) be the first derivative of -1/2*t**2 + 6 - 5*t. Give b(4).
-9
Let l(j) = 3*j + 6. Suppose 2 = 7*u - 5. Let y be (u/3)/((-4)/60). Give l(y).
-9
Let f(l) = -7*l - 97. Let r be f(-14). Let s(j) = 22*j - 1. What is s(r)?
21
Let g(a) = -7*a**3 + 1. Let j(d) = 6*d**3 - d**2 - 4. Let b(r) = 1. Let w(p) = -3*b(p) - j(p). Let t(f) = -3*g(f) + 2*w(f). Give t(1).
10
Let i = -5 - -8. Suppose -5*u + 2*x = -9, -3*u + x = i*x + 1. Let d(s) = 4*s + 24. Let k(y) = -2*y - 11. Let n(p) = 6*d(p) + 13*k(p). Determine n(u).
-1
Let g(y) = -6*y - 3*y + y**2 - 95*y**3 + 94*y**3 - 11*y**2 - 2. Determine g(-9).
-2
Let b(h) = -h**3 + 3*h**2 + 5*h - 1. Let v be b(4). Let x(l) be the third derivative of l**4/6 - l**3/6 + 401*l**2. Determine x(v).
11
Suppose x - 16 = -1. Let u(c) = c**2 - 14*c - 15. What is u(x)?
0
Let v = -449 + 451. Let w(n) = -4*n**2 + 2*n - 3. Give w(v).
-15
Let q be (0 - 0)*((-85)/(-20))/(-17). Let w(k) be the second derivative of -3*k - 1/6*k**3 - 1/20*k**5 - 3/2*k**2 + 0*k**4 + q. Calculate w(0).
-3
Let t(q) be the first derivative of q**4/4 + 4*q**3/3 - 7*q**2/2 - 3*q + 33. What is t(-5)?
7
Let s(l) = -3*l**2 - 10*l - 17. Let u(o) = 5*o**2 + 14*o + 26. Let m(g) = -8*s(g) - 5*u(g). Determine m(10).
6
Let q(f) = f + 4. Let l(b) = b**2 + 6*b. Let d be 0/(2*(1 - 2)). Suppose -3*i + 4*i + 6 = d. Let m be l(i). What is q(m)?
4
Let l(y) be the first derivative of -3/2*y**2 - 1/3*y**3 - 2*y + 27. What is l(-2)?
0
Let j be (-24)/18*(2 - -4). Let c(d) = d + 12. What is c(j)?
4
Let d = -964 + 952. Let q(v) = -v**3 - 13*v**2 - 12*v + 5. Determine q(d).
5
Let b(f) = -f**2 + 4